{"id":76,"date":"2024-06-01T19:18:06","date_gmt":"2024-06-01T17:18:06","guid":{"rendered":"https:\/\/gestionvoyage.fr\/?page_id=76"},"modified":"2024-06-08T13:01:22","modified_gmt":"2024-06-08T11:01:22","slug":"recontactez-nous","status":"publish","type":"page","link":"https:\/\/gestionvoyage.fr\/index.php\/recontactez-nous\/","title":{"rendered":"Contactez-nous !"},"content":{"rendered":"<div class=\"wpforms-container wpforms-container-full wpforms-block wpforms-block-2ad1bbb1-aa6b-40a5-aa9b-4055fd441586 wpforms-render-modern\" id=\"wpforms-107\"><form id=\"wpforms-form-107\" class=\"wpforms-validate wpforms-form wpforms-ajax-form\" data-formid=\"107\" method=\"post\" enctype=\"multipart\/form-data\" action=\"\/index.php\/wp-json\/wp\/v2\/pages\/76\" data-token=\"c39e4799d51bfd5ca2178d0cb6ab1062\" data-token-time=\"1777552236\"><noscript class=\"wpforms-error-noscript\">Please enable JavaScript in your browser to complete this form.<\/noscript><div id=\"wpforms-error-noscript\" style=\"display: none;\">Please enable JavaScript in your browser to complete this form.<\/div><div class=\"wpforms-field-container\"><div id=\"wpforms-107-field_0-container\" class=\"wpforms-field wpforms-field-name\" data-field-id=\"0\"><fieldset><legend class=\"wpforms-field-label\">Nom <span class=\"wpforms-required-label\" aria-hidden=\"true\">*<\/span><\/legend><div class=\"wpforms-field-row wpforms-field-medium\"><div class=\"wpforms-field-row-block wpforms-first wpforms-one-half\"><input type=\"text\" id=\"wpforms-107-field_0\" class=\"wpforms-field-name-first wpforms-field-required\" name=\"wpforms[fields][0][first]\" aria-errormessage=\"wpforms-107-field_0-error\" required><label for=\"wpforms-107-field_0\" class=\"wpforms-field-sublabel after\">First<\/label><\/div><div class=\"wpforms-field-row-block wpforms-one-half\"><input type=\"text\" id=\"wpforms-107-field_0-last\" class=\"wpforms-field-name-last wpforms-field-required\" name=\"wpforms[fields][0][last]\" aria-errormessage=\"wpforms-107-field_0-last-error\" required><label for=\"wpforms-107-field_0-last\" class=\"wpforms-field-sublabel after\">Last<\/label><\/div><\/div><\/fieldset><\/div><div id=\"wpforms-107-field_1-container\" class=\"wpforms-field wpforms-field-email\" data-field-id=\"1\"><label class=\"wpforms-field-label\" for=\"wpforms-107-field_1\">E-mail <span class=\"wpforms-required-label\" aria-hidden=\"true\">*<\/span><\/label><input type=\"email\" id=\"wpforms-107-field_1\" class=\"wpforms-field-medium wpforms-field-required\" name=\"wpforms[fields][1]\" spellcheck=\"false\" aria-errormessage=\"wpforms-107-field_1-error\" required><\/div><div id=\"wpforms-107-field_6-container\" class=\"wpforms-field wpforms-field-text\" data-field-id=\"6\"><label class=\"wpforms-field-label\" for=\"wpforms-107-field_6\">T\u00e9l\u00e9phone<\/label><input type=\"text\" id=\"wpforms-107-field_6\" class=\"wpforms-field-medium\" name=\"wpforms[fields][6]\" aria-errormessage=\"wpforms-107-field_6-error\" ><\/div><div id=\"wpforms-107-field_7-container\" class=\"wpforms-field wpforms-field-text\" data-field-id=\"7\"><label class=\"wpforms-field-label\" for=\"wpforms-107-field_7\">Sujet de votre demande <\/label><input type=\"text\" id=\"wpforms-107-field_7\" class=\"wpforms-field-medium\" name=\"wpforms[fields][7]\" aria-errormessage=\"wpforms-107-field_7-error\" ><\/div><div id=\"wpforms-107-field_2-container\" class=\"wpforms-field wpforms-field-textarea\" data-field-id=\"2\"><label class=\"wpforms-field-label\" for=\"wpforms-107-field_2\">Commentaire ou message<\/label><textarea id=\"wpforms-107-field_2\" class=\"wpforms-field-medium\" name=\"wpforms[fields][2]\" aria-errormessage=\"wpforms-107-field_2-error\" ><\/textarea><\/div><\/div><!-- .wpforms-field-container --><div class=\"wpforms-submit-container\" ><input type=\"hidden\" name=\"wpforms[id]\" value=\"107\"><input type=\"hidden\" name=\"page_title\" value=\"\"><input type=\"hidden\" name=\"page_url\" value=\"https:\/\/gestionvoyage.fr\/index.php\/wp-json\/wp\/v2\/pages\/76\"><input type=\"hidden\" name=\"url_referer\" value=\"\"><button type=\"submit\" name=\"wpforms[submit]\" id=\"wpforms-submit-107\" class=\"wpforms-submit\" data-alt-text=\"Envoi...\" data-submit-text=\"Envoyer\" aria-live=\"assertive\" value=\"wpforms-submit\">Envoyer<\/button><img loading=\"lazy\" decoding=\"async\" src=\"https:\/\/gestionvoyage.fr\/wp-content\/plugins\/wpforms-lite\/assets\/images\/submit-spin.svg\" class=\"wpforms-submit-spinner\" style=\"display: none;\" width=\"26\" height=\"26\" alt=\"Loading\"><\/div><\/form><\/div>  <!-- .wpforms-container -->\n\n\n<h2 class=\"wp-block-heading\">Pourquoi nous contacter ?<\/h2>\n\n\n\n<p>&#8211;<strong> Conseils personnalis\u00e9s <\/strong>: Nous vous offrons des recommandations adapt\u00e9es \u00e0 vos besoins et pr\u00e9f\u00e9rences.<\/p>\n\n\n\n<p>&#8211; <strong>Devis sur mesure: <\/strong>Obtenez une estimation d\u00e9taill\u00e9e pour vos voyages personnalis\u00e9s.<\/p>\n\n\n\n<p>&#8211; <strong>Assistance d\u00e9di\u00e9e<\/strong>: B\u00e9n\u00e9ficiez d&#8217;un suivi personnalis\u00e9 de la planification \u00e0 la r\u00e9alisation de votre voyage.<\/p>\n\n\n\n<p><strong>Notre engagement<\/strong><\/p>\n\n\n\n<p>Chez Gestion Voyage, nous nous engageons \u00e0 vous offrir un service de qualit\u00e9, avec une attention particuli\u00e8re \u00e0 vos souhaits et \u00e0 vos exigences. Nous mettons tout en \u0153uvre pour rendre votre exp\u00e9rience de voyage inoubliable et sans souci.<\/p>\n\n\n\n<p><strong>Coordonn\u00e9es<\/strong><\/p>\n\n\n\n<p>Si vous pr\u00e9f\u00e9rez nous contacter directement, vous pouvez \u00e9galement nous joindre par t\u00e9l\u00e9phone ou par email.<\/p>\n\n\n\n<div class=\"wp-block-group alignfull has-text-color has-background is-layout-flow wp-block-group-is-layout-flow\" style=\"color:#000000;background-color:#ffffff\">\n<div style=\"height:64px\" aria-hidden=\"true\" class=\"wp-block-spacer\"><\/div>\n\n\n\n<p class=\"has-text-align-center has-small-font-size\" style=\"line-height:.9\"><strong>On en parle ?<\/strong><\/p>\n\n\n\n<div class=\"wp-block-buttons is-horizontal is-content-justification-center is-layout-flex wp-container-core-buttons-is-layout-03627597 wp-block-buttons-is-layout-flex\">\n<div class=\"wp-block-button has-custom-width wp-block-button__width-50\"><a class=\"wp-block-button__link has-text-color has-background wp-element-button\" href=\"mailto:voyagegestion@gmail.com\" style=\"border-radius:50px;color:#ffffff;background-color:#000000\" target=\"_blank\" rel=\"noreferrer noopener\">voyagegestion@gmail.com<\/a><\/div>\n\n\n\n<div class=\"wp-block-button has-custom-width wp-block-button__width-50\"><a class=\"wp-block-button__link has-text-color has-background wp-element-button\" style=\"border-radius:50px;color:#ffffff;background-color:#000000\">0783569540<\/a><\/div>\n<\/div>\n\n\n\n<div style=\"height:64px\" aria-hidden=\"true\" class=\"wp-block-spacer\"><\/div>\n<\/div>\n","protected":false},"excerpt":{"rendered":"<p>Pourquoi nous contacter ? &#8211; Conseils personnalis\u00e9s : Nous vous offrons des recommandations adapt\u00e9es \u00e0 vos besoins et pr\u00e9f\u00e9rences. &#8211; Devis sur mesure: Obtenez une estimation d\u00e9taill\u00e9e pour vos voyages personnalis\u00e9s. &#8211; Assistance d\u00e9di\u00e9e: B\u00e9n\u00e9ficiez d&#8217;un suivi personnalis\u00e9 de la planification \u00e0 la r\u00e9alisation de votre voyage. Notre engagement Chez Gestion Voyage, nous nous engageons [&hellip;]<\/p>\n","protected":false},"author":1,"featured_media":0,"parent":0,"menu_order":0,"comment_status":"closed","ping_status":"closed","template":"","meta":{"footnotes":""},"class_list":["post-76","page","type-page","status-publish","hentry"],"yoast_head":"<!-- This site is optimized with the Yoast SEO plugin v27.5 - https:\/\/yoast.com\/product\/yoast-seo-wordpress\/ -->\n<title>Contactez-nous ! - gestion voyage<\/title>\n<meta name=\"robots\" content=\"index, follow, max-snippet:-1, max-image-preview:large, max-video-preview:-1\" \/>\n<link rel=\"canonical\" href=\"https:\/\/gestionvoyage.fr\/index.php\/recontactez-nous\/\" \/>\n<meta property=\"og:locale\" content=\"en_US\" \/>\n<meta property=\"og:type\" content=\"article\" \/>\n<meta property=\"og:title\" content=\"Contactez-nous ! - gestion voyage\" \/>\n<meta property=\"og:description\" content=\"Pourquoi nous contacter ? &#8211; Conseils personnalis\u00e9s : Nous vous offrons des recommandations adapt\u00e9es \u00e0 vos besoins et pr\u00e9f\u00e9rences. &#8211; Devis sur mesure: Obtenez une estimation d\u00e9taill\u00e9e pour vos voyages personnalis\u00e9s. &#8211; Assistance d\u00e9di\u00e9e: B\u00e9n\u00e9ficiez d&#8217;un suivi personnalis\u00e9 de la planification \u00e0 la r\u00e9alisation de votre voyage. Notre engagement Chez Gestion Voyage, nous nous engageons [&hellip;]\" \/>\n<meta property=\"og:url\" content=\"https:\/\/gestionvoyage.fr\/index.php\/recontactez-nous\/\" \/>\n<meta property=\"og:site_name\" content=\"gestion voyage\" \/>\n<meta property=\"article:modified_time\" content=\"2024-06-08T11:01:22+00:00\" \/>\n<meta name=\"twitter:card\" content=\"summary_large_image\" \/>\n<meta name=\"twitter:label1\" content=\"Est. reading time\" \/>\n\t<meta name=\"twitter:data1\" content=\"1 minute\" \/>\n<script type=\"application\/ld+json\" class=\"yoast-schema-graph\">{\"@context\":\"https:\\\/\\\/schema.org\",\"@graph\":[{\"@type\":\"WebPage\",\"@id\":\"https:\\\/\\\/gestionvoyage.fr\\\/index.php\\\/recontactez-nous\\\/\",\"url\":\"https:\\\/\\\/gestionvoyage.fr\\\/index.php\\\/recontactez-nous\\\/\",\"name\":\"Contactez-nous ! - gestion voyage\",\"isPartOf\":{\"@id\":\"https:\\\/\\\/gestionvoyage.fr\\\/#website\"},\"datePublished\":\"2024-06-01T17:18:06+00:00\",\"dateModified\":\"2024-06-08T11:01:22+00:00\",\"breadcrumb\":{\"@id\":\"https:\\\/\\\/gestionvoyage.fr\\\/index.php\\\/recontactez-nous\\\/#breadcrumb\"},\"inLanguage\":\"en-US\",\"potentialAction\":[{\"@type\":\"ReadAction\",\"target\":[\"https:\\\/\\\/gestionvoyage.fr\\\/index.php\\\/recontactez-nous\\\/\"]}]},{\"@type\":\"BreadcrumbList\",\"@id\":\"https:\\\/\\\/gestionvoyage.fr\\\/index.php\\\/recontactez-nous\\\/#breadcrumb\",\"itemListElement\":[{\"@type\":\"ListItem\",\"position\":1,\"name\":\"Accueil\",\"item\":\"https:\\\/\\\/gestionvoyage.fr\\\/\"},{\"@type\":\"ListItem\",\"position\":2,\"name\":\"Contactez-nous !\"}]},{\"@type\":\"WebSite\",\"@id\":\"https:\\\/\\\/gestionvoyage.fr\\\/#website\",\"url\":\"https:\\\/\\\/gestionvoyage.fr\\\/\",\"name\":\"gestion voyage\",\"description\":\"Un site utilisant WordPress\",\"potentialAction\":[{\"@type\":\"SearchAction\",\"target\":{\"@type\":\"EntryPoint\",\"urlTemplate\":\"https:\\\/\\\/gestionvoyage.fr\\\/?s={search_term_string}\"},\"query-input\":{\"@type\":\"PropertyValueSpecification\",\"valueRequired\":true,\"valueName\":\"search_term_string\"}}],\"inLanguage\":\"en-US\"}]}<\/script>\n<!-- \/ Yoast SEO plugin. -->","yoast_head_json":{"title":"Contactez-nous ! - gestion voyage","robots":{"index":"index","follow":"follow","max-snippet":"max-snippet:-1","max-image-preview":"max-image-preview:large","max-video-preview":"max-video-preview:-1"},"canonical":"https:\/\/gestionvoyage.fr\/index.php\/recontactez-nous\/","og_locale":"en_US","og_type":"article","og_title":"Contactez-nous ! - gestion voyage","og_description":"Pourquoi nous contacter ? &#8211; Conseils personnalis\u00e9s : Nous vous offrons des recommandations adapt\u00e9es \u00e0 vos besoins et pr\u00e9f\u00e9rences. &#8211; Devis sur mesure: Obtenez une estimation d\u00e9taill\u00e9e pour vos voyages personnalis\u00e9s. &#8211; Assistance d\u00e9di\u00e9e: B\u00e9n\u00e9ficiez d&#8217;un suivi personnalis\u00e9 de la planification \u00e0 la r\u00e9alisation de votre voyage. Notre engagement Chez Gestion Voyage, nous nous engageons [&hellip;]","og_url":"https:\/\/gestionvoyage.fr\/index.php\/recontactez-nous\/","og_site_name":"gestion voyage","article_modified_time":"2024-06-08T11:01:22+00:00","twitter_card":"summary_large_image","twitter_misc":{"Est. reading time":"1 minute"},"schema":{"@context":"https:\/\/schema.org","@graph":[{"@type":"WebPage","@id":"https:\/\/gestionvoyage.fr\/index.php\/recontactez-nous\/","url":"https:\/\/gestionvoyage.fr\/index.php\/recontactez-nous\/","name":"Contactez-nous ! - gestion voyage","isPartOf":{"@id":"https:\/\/gestionvoyage.fr\/#website"},"datePublished":"2024-06-01T17:18:06+00:00","dateModified":"2024-06-08T11:01:22+00:00","breadcrumb":{"@id":"https:\/\/gestionvoyage.fr\/index.php\/recontactez-nous\/#breadcrumb"},"inLanguage":"en-US","potentialAction":[{"@type":"ReadAction","target":["https:\/\/gestionvoyage.fr\/index.php\/recontactez-nous\/"]}]},{"@type":"BreadcrumbList","@id":"https:\/\/gestionvoyage.fr\/index.php\/recontactez-nous\/#breadcrumb","itemListElement":[{"@type":"ListItem","position":1,"name":"Accueil","item":"https:\/\/gestionvoyage.fr\/"},{"@type":"ListItem","position":2,"name":"Contactez-nous !"}]},{"@type":"WebSite","@id":"https:\/\/gestionvoyage.fr\/#website","url":"https:\/\/gestionvoyage.fr\/","name":"gestion voyage","description":"Un site utilisant WordPress","potentialAction":[{"@type":"SearchAction","target":{"@type":"EntryPoint","urlTemplate":"https:\/\/gestionvoyage.fr\/?s={search_term_string}"},"query-input":{"@type":"PropertyValueSpecification","valueRequired":true,"valueName":"search_term_string"}}],"inLanguage":"en-US"}]}},"_links":{"self":[{"href":"https:\/\/gestionvoyage.fr\/index.php\/wp-json\/wp\/v2\/pages\/76","targetHints":{"allow":["GET"]}}],"collection":[{"href":"https:\/\/gestionvoyage.fr\/index.php\/wp-json\/wp\/v2\/pages"}],"about":[{"href":"https:\/\/gestionvoyage.fr\/index.php\/wp-json\/wp\/v2\/types\/page"}],"author":[{"embeddable":true,"href":"https:\/\/gestionvoyage.fr\/index.php\/wp-json\/wp\/v2\/users\/1"}],"replies":[{"embeddable":true,"href":"https:\/\/gestionvoyage.fr\/index.php\/wp-json\/wp\/v2\/comments?post=76"}],"version-history":[{"count":6,"href":"https:\/\/gestionvoyage.fr\/index.php\/wp-json\/wp\/v2\/pages\/76\/revisions"}],"predecessor-version":[{"id":222,"href":"https:\/\/gestionvoyage.fr\/index.php\/wp-json\/wp\/v2\/pages\/76\/revisions\/222"}],"wp:attachment":[{"href":"https:\/\/gestionvoyage.fr\/index.php\/wp-json\/wp\/v2\/media?parent=76"}],"curies":[{"name":"wp","href":"https:\/\/api.w.org\/{rel}","templated":true}]}}